 55) + 1 + -3 + 3.
-3
-2 + (5 + 4 - 2)
5
What is 3 + (-1 - (0 - -3))?
-1
What is the value of (6 - 4) + 0 + -1?
1
(0 - -2) + (-9 - -10)
3
What is the value of -2 - (-10 + 0 - (-7 - -3))?
4
Evaluate 2 - (-6 + -1 - -4).
5
What is the value of -8 + 10 + 2 - (2 - -9)?
-7
2 + -1 + (3 - 0) + -1
3
What is the value of -3 + (8 - 13) + 13?
5
Calculate 4 + -11 + 0 + (-13 - -19).
-1
What is -7 + 9 + 4 + 1?
7
What is the value of 5 + (4 - 8 - 1)?
0
Evaluate 7 + -1 - 5 - -4.
5
-1 + -3 - (-6 - -2)
0
Calculate 2 - 1 - (-19 + 15).
5
-15 + 6 + 0 - -7
-2
What is the value of 7 + (-8 - 10) - -2?
-9
What is the value of (2 - 1) + -16 + 20?
5
What is -1 - ((1 - -4) + -3)?
-3
-4 + 4 + 0 + 2 + -8
-6
What is the value of -8 - -4 - (-1 - (2 - 4))?
-5
What is the value of 40 + -39 + (-3 - -2 - 3)?
-3
What is 15 - 11 - -1 - 12?
-7
Evaluate -5 - -4 - (1 + -4).
2
Calculate (-3 - -7) + 2 + -1 - 1.
4
Calculate (-10 - -3) + 6 + 7 + -8.
-2
What is 4 + -1 + (-4 + 9 - 9)?
-1
0 + 0 + -3 + 0
-3
(-7 - ((3 - 1) + -7)) + 1
-1
-1 + (-1 - (-7 + 0))
5
Calculate -1 + 2 - 0 - (-7 - -6).
2
Calculate (11 + -7 - (5 - 1)) + -1.
-1
What is 0 - (8 + 4 + -18)?
6
What is the value of 2 - (4 + (6 - 14 - -2))?
4
Calculate 5 + 6 + -8 - (-5 + 7).
1
Calculate -15 + 15 + (-1 - -2).
1
Evaluate -59 - -65 - (4 - (-1 + -1)).
0
Evaluate 0 + (3 - -1) + -5 - 3.
-4
What is the value of (-4 - (2 + -5)) + -1?
-2
3 + -5 + -3 - (-22 - -18)
-1
1 - (2 + -6 + 10 - 10)
5
What is the value of (-6 + -5 - -2) + (-4 - -4)?
-9
What is 3 + -6 + 4 - (-2 + 6)?
-3
-13 - (3 - 7 - 4)
-5
Calculate (5 - -1 - (-7 - -5)) + -4.
4
Calculate -5 - -5 - (8 + -5 + 1).
-4
Calculate (0 - -3 - -2) + -6 - 2.
-3
(1 - 4) + (11 - 6)
2
Evaluate (6 - 5) + -1 + 3.
3
2 - 2 - (6 - 4 - -1)
-3
What is the value of 0 + 8 - 4 - (5 + -1)?
0
What is (-4 - (1 + -9)) + -5 - 2?
-3
-6 + (6 + -3 - 0)
-3
What is -15 + 7 + 2 + 0?
-6
5 - (-7 + 2 + 3 + 1)
6
What is 69 + -75 + -1 + 0?
-7
What is the value of -12 - (3 - (3 - -6)) - -2?
-4
(1 - -2) + 0 + 1 + -1
3
(-2 - -9 - 4) + -1
2
12 + 1 - (-41 + 60)
-6
-1 + (0 + -1 - -1) + 5
4
What is -2 + (6 + -2 - 5)?
-3
Evaluate -2 + (2 + -2 - (-2 - -1)).
-1
1 - -2 - (-1 + -1)
5
(-2 - -3) + -2 - -1
0
What is 7 - 9 - (-1 + 3 - 2)?
-2
What is the value of 10 - 2 - ((3 - -1) + 1)?
3
5 + -3 + 3 - (-10 - -20)
-5
Evaluate -2 + 0 + 1 + (-28 - -33).
4
What is -1 + 2 + (3 - 7) - -10?
7
-3 + (-8 - (-16 + (3 - -4)))
-2
Calculate 5 + -2 + 5 + (-3 - -3).
8
3 + ((-6 - 0) + 7 - 4)
0
What is 2 + (19 + -10 - 9)?
2
What is the value of -4 + (-1 - 2) + 1?
-6
What is -1 + 0 + (7 - 1) + -1?
4
What is the value of 7 - (3 + -10 + 7 + -1)?
8
0 - -6 - 12 - -2 - 3
-7
What is -11 - (7 + 0 + -13)?
-5
Evaluate 4 + -2 - (10 - (-3 + 10)).
-1
Evaluate (5 - (-4 - 0)) + -5.
4
7 - (1 + 4 + -1 - -2)
1
(4 - (7 + -1)) + 4
2
What is the value of 6 + (-2 - -1) + (-28 - -24)?
1
22 + -34 + (5 - -1) + 5
-1
Evaluate 3 + -5 - (6 + -14) - 0.
6
Calculate (-57 - -48) + 10 + 0.
1
What is the value of -3 - -1 - (-14 - -7)?
5
Calculate -9 - (1 - (0 + 0 - -3)).
-7
Calculate (-7 - -19) + -8 - -1.
5
-2 - (-2 - ((3 - 1) + 0))
2
Evaluate (-10 - -16) + (-4 - 2) + -2.
-2
((1 - -1) + 0 - 3) + -1
-2
6 + -1 + (-6 - -7)
6
Evaluate 5 + -9 - (2 + -4 + 7).
-9
Evaluate (-4 - (-3 + -4) - 5) + 1.
-1
What is (-2 - -4 - -1) + -1 + -6?
-4
Calculate -10 + (2 + -5 - -4) + 4.
-5
What is the value of 32 - 25 - (2 + 1 - 0)?
4
Calculate -10 + 0 + (2 - (2 + -7)).
-3
Calculate 12 + -14 + (-1 - -1) + 0.
-2
Calculate (-1 - 4 - -1) + 3 + 2.
1
What is the value of (3 + -2 - -2) + -2 + -1?
0
Calculate (-6 - (3 - 6)) + -2.
-5
Calculate -3 + 5 + 1 + -8.
-5
Evaluate (7 - 0) + (-9 - -5) - 5.
-2
Calculate 1 - (4 + (-4 - -2) + -3).
2
Evaluate -1 + -1 - ((-5 - -2) + 2).
-1
What is the value of (0 - 7) + (-1 - -4) - -4?
0
Evaluate -5 - (-1 + -2 + -4).
2
14 + -17 - (3 + -1)
-5
Calculate 6 + -8 - 2 - -10.
6
What is the value of (-4 - 5) + 17 - 2?
6
What is -8 + (9 + -5 - -5)?
1
What is 7 - ((12 - 6) + -14) - 8?
7
What is (-4 - (-10 - 2)) + (-2 - 3)?
3
What is -9 + (-5 + -4 - -13)?
-5
Evaluate -2 - (1 + (0 + 1 - 1)).
-3
4 - 9 - (0 - 2)
-3
What is the value of 3 + (0 - -2 - 8)?
-3
What is -1 + -1 - (0 + 1)?
-3
What is the value of (3 + 1 - (-4 - -1)) + -4?
3
1 + -2 + (-7 - -6)
-2
What is the value of 6 + (6 - 9) + 1 - -2?
6
(2 - 1) + (-4 - -8)
5
33 + -24 - (6 - 1)
4
What is the value of -5 - (0 + (-9 - (0 + 1)))?
5
-4 - (-3 + 0 - -6 - 3)
-4
What is -4 + (-2 - (0 - 3))?
-3
Calculate (-8 - 1) + 9 + -8.
-8
(2 - (-1 + 2)) + 3
4
Evaluate -6 - (-9 + 6 + 3).
-6
1 + (-5 + 6 - 7)
-5
Evaluate (7 - (3 + 1)) + 0.
3
What is -13 + (-8 - -8 - -7)?
-6
5 - (4 - (-1 + 3 + 5))
8
What is -5 + 0 + 7 - (-5 + -3)?
10
What is the value of -3 - 3 - (1 + -9 + 12)?
-10
-10 + (7 - (5 + -3))
-5
What is the value of 3 + -9 + (2 + 0 - -9)?
5
Evaluate 3 - 0 - -2 - (2 - 0).
3
What is the value of -2 + 10 + 2 + 4 + -8?
6
What is (12 + -11 - 2) + 2 + -1?
0
What is the value of (3 - (3 - 8)) + -1?
7
Calculate 4 - 0 - 11 - -4.
-3
-18 - -16 - (1 - 1)
-2
What is -3 + 5 + (3 - 12) + 0?
-7
Evaluate -5 - ((-4 - -3) + -9).
5
Calculate 24 + -24 - (0 - -4).
-4
0 + -4 + 0 + 6
2
0 + (-11 - -3) - -9
1
What is -5 - (3 + 3 - 6)?
-5
What is 3 + 1 + (72 - 77)?
-1
What is 2 - -1 - (0 + 3 + -4)?
4
What is the value of 2 - (3 + 0) - -4?
3
Calculate 7 + 0 + -9 - 1.
-3
What is (2 - -2) + -2 - (2 + -9)?
9
Evaluate 4 - (3 + 4 + -4 + 0).
1
What is the value of -2 + (10 - 7) + -4?
-3
1 + 1 + -4 + (0 - 0)
-2
-2 + (35 - 32 - (0 - -5))
-4
Calculate (5 - (9 - 8)) + -9.
-5
1 + (5 - (-2 - -1)) - 2
5
What is the value of 0 + 3 + 3 + -2?
4
Calculate -2 - (-4 + -5 + 4).
3
What is the value of 1 - (-2 - -2 - 2)?
3
What is the value of 3 - 9 - -1 - -1?
-4
What is the value of 0 + (1 - (-5 + 1))?
5
Evaluate -1 + 5 - (33 + -22).
-7
10 - 7 - (1 + 2 + -3)
3
Evaluate -6 + 2 + 4 - 5.
-5
Calculate 3 + -5 - (-4 + 0).
2
Evaluate 0 + -4 + 5 - -2.
3
What is -10 + 6 + -8 + 16?
4
5 + 0 + 0 + -2 - 4
-1
What is 9 + -1 + (2 - 6)?
4
Evaluate (0 - -3) + 1 + -6 + -1.
-3
What is the value of -8 + 12 - (3 + 2 + -2)?
1
What is 3 + -4 + 3 + -2 + 1?
1
Calculate -44 + 55 + (1 - 10).
2
Calculate -7 - ((-3 - 0) + 0).
-4
Evaluate 0 + 8 + 5 - (3 + 1).
9
What is the value of -1 - (-9 + 4 + 2)?
2
What is the value of (-3 - -1 - -7) + (-8 - -1)?
-2
What is the value of (-17 - -3) + 6 - -8?
0
Calculate -4 - (2 + -1 + (-4 - -1)).
-2
1 + -1 + 3 - (51 + -43)
-5
Calculate 4 + -7 - (5 - 9).
1
Calculate (-3 - ((-2 - 2) + 2)) + -4.
-5
Calculate (-3 - 0) + (5 - 6) - -1.
-3
What is the value of -12 + 13 + (-13 - -7)?
-5
(-6 - -6) + -5 + -4 + 3
-6
What is the value of -5 + 1 + 1 + 2?
-1
Calculate -2 - (-5 + 0) - 2.
1
Calculate (5 + -1 - 3) + 4.
5
What is 7 + -1 + -13 + 5 + 3?
1
Calculate 0 - (0 - -7 - (1 + 7)).
1
What is -2 - (-2 + -3) - 4?
-1
9 + -8 + 7 - 10
-2
Calculate 0 - 0 - (12 - 15).
3
Calculate 5 + -9 + 2 + 6.
4
2 + -4 + 0 + 4 - 6
-4
Evaluate -9 + 4 + -3 + 5.
-3
What is (1 - (12 + -6)) + 3?
-2
0 + -7 + (2 + 4 - 4)
-5
-1 + -2 - -1 - (38 + -44)
4
Calculate 1 + -2 + 5 + (-14 - -6).
-4
2 + -2 + 7 + -7
0
19 + 3 - (-14 + 26)
10
Evaluate (5 - 8) + 4 + 3.
4
Calculate 1 + -1 + 3 + 1.
4
Calculate (-9 - -7 - -2) + 0.
0
Evaluate -11 - -9 - 2 - -5.
1
Calculate (-1 - (3 + -7)) + (-19 - -17).
1
24 - 15 - (-1 + 14)
-4
What is -1 + 1 + 3 + -1 - -3?
5
What is 4 + (-2 + -3 + -3 - -5)?
1
What is the value of -9 + (-3 - -3) + 3 - -3?
-3
Evaluate 4 - 1 - (5 - 1).
-1
What is -9 + (-7 - -12) + (0 - -6)?
2
Evaluate -12 - (-3 + 1 - 8).
-2
Evaluate 30 - 30 - (1 + (0 - -1)).
-2
What is the value of (15 - 0) + -8 + (-9 - 1)?
-3
What is (1 - 3) + 3 + -1 + -1?
-1
10 + -2 + (-14 - -7) + 0
1
What is the value of (7 - 12) + (-2 - -10)?
3
What is the value of (-6 - -8) + (-4 + 1 - 0)?
-1
What is the value of -6 + 0 + (-1 - -5)?
-2
What is -7 + 4 + (-4 - (-8 - -4))?
-3
Calculate (-22 + 3 - -10) + 3.
-6
What is the value of -13 - (-5 - 4) - (-1 - 0)?
-3
-1 + -1 - (-14 - -13)
-1
What is 1 - 2 - (6 + 3 + -4)?
-6
Evaluate 10 - (-7 + (32 - 7)).
-8
-9 + 5 + 5 + -5
-4
What is 7 + -5 - (-2 - 0) - 1?
3
What is the value of 8 + -2 + (-15 - 1)?
-10
What is the value of 6 + (3 + -9 - -2)?
2
Evaluate 3 + 7 - (10 - 5).
5
What is 12 + (-61 - -50 - (0 - 3))?
4
What is 6 - 1 - (-13 + 22)?
-4
Evaluate -2 - (5 - 0 - (14 + 0)).
7
What is -1 + (1 - 2) + 1 - -4?
3
Calculate -2 